{"id":110,"date":"2021-01-05T15:59:26","date_gmt":"2021-01-05T14:59:26","guid":{"rendered":"http:\/\/hof-thiessen.localhost\/?page_id=110"},"modified":"2026-02-06T19:13:28","modified_gmt":"2026-02-06T18:13:28","slug":"hofautomat-24-7","status":"publish","type":"page","link":"https:\/\/hof-thiessen.de\/index.php\/hofautomat-24-7\/","title":{"rendered":"Hofautomaten 24\/7"},"content":{"rendered":"\n<div class=\"wp-block-group\"><div class=\"wp-block-group__inner-container\">\n<figure class=\"wp-block-image size-large\"><a href=\"http:\/\/hof-thiessen.de\/wp-content\/uploads\/2021\/01\/Produkt-Uebersicht-2020-scaled.jpg\" target=\"_blank\" rel=\"noopener\"><img loading=\"lazy\" width=\"1024\" height=\"589\" src=\"http:\/\/hof-thiessen.de\/wp-content\/uploads\/2021\/01\/Produkt-Uebersicht-2020-1024x589.jpg\" alt=\"\" class=\"wp-image-134\" srcset=\"https:\/\/hof-thiessen.de\/wp-content\/uploads\/2021\/01\/Produkt-Uebersicht-2020-1024x589.jpg 1024w, https:\/\/hof-thiessen.de\/wp-content\/uploads\/2021\/01\/Produkt-Uebersicht-2020-300x173.jpg 300w, https:\/\/hof-thiessen.de\/wp-content\/uploads\/2021\/01\/Produkt-Uebersicht-2020-768x442.jpg 768w, https:\/\/hof-thiessen.de\/wp-content\/uploads\/2021\/01\/Produkt-Uebersicht-2020-1536x884.jpg 1536w, https:\/\/hof-thiessen.de\/wp-content\/uploads\/2021\/01\/Produkt-Uebersicht-2020-2048x1178.jpg 2048w\" sizes=\"(max-width: 767px) 89vw, (max-width: 1000px) 54vw, (max-width: 1071px) 543px, 580px\" \/><\/a><\/figure>\n\n\n\n<div class=\"wp-block-group\"><div class=\"wp-block-group__inner-container\">\n<figure class=\"wp-block-image size-large\"><img loading=\"lazy\" width=\"1024\" height=\"683\" src=\"https:\/\/hof-thiessen.de\/wp-content\/uploads\/2026\/02\/Info-oben-in-Frosti-1024x683.jpg\" alt=\"\" class=\"wp-image-604\" srcset=\"https:\/\/hof-thiessen.de\/wp-content\/uploads\/2026\/02\/Info-oben-in-Frosti-1024x683.jpg 1024w, https:\/\/hof-thiessen.de\/wp-content\/uploads\/2026\/02\/Info-oben-in-Frosti-300x200.jpg 300w, https:\/\/hof-thiessen.de\/wp-content\/uploads\/2026\/02\/Info-oben-in-Frosti-768x512.jpg 768w, https:\/\/hof-thiessen.de\/wp-content\/uploads\/2026\/02\/Info-oben-in-Frosti-1536x1024.jpg 1536w, https:\/\/hof-thiessen.de\/wp-content\/uploads\/2026\/02\/Info-oben-in-Frosti-2048x1365.jpg 2048w\" sizes=\"(max-width: 767px) 89vw, (max-width: 1000px) 54vw, (max-width: 1071px) 543px, 580px\" \/><\/figure>\n\n\n\n<figure class=\"wp-block-image size-large\"><img loading=\"lazy\" width=\"1024\" height=\"683\" src=\"https:\/\/hof-thiessen.de\/wp-content\/uploads\/2026\/02\/Lui-Info-oben-in-Frosti-1024x683.jpg\" alt=\"\" class=\"wp-image-606\" srcset=\"https:\/\/hof-thiessen.de\/wp-content\/uploads\/2026\/02\/Lui-Info-oben-in-Frosti-1024x683.jpg 1024w, https:\/\/hof-thiessen.de\/wp-content\/uploads\/2026\/02\/Lui-Info-oben-in-Frosti-300x200.jpg 300w, https:\/\/hof-thiessen.de\/wp-content\/uploads\/2026\/02\/Lui-Info-oben-in-Frosti-768x512.jpg 768w, https:\/\/hof-thiessen.de\/wp-content\/uploads\/2026\/02\/Lui-Info-oben-in-Frosti-1536x1024.jpg 1536w, https:\/\/hof-thiessen.de\/wp-content\/uploads\/2026\/02\/Lui-Info-oben-in-Frosti-2048x1365.jpg 2048w\" sizes=\"(max-width: 767px) 89vw, (max-width: 1000px) 54vw, (max-width: 1071px) 543px, 580px\" \/><\/figure>\n\n\n\n<figure class=\"wp-block-image size-large\"><img loading=\"lazy\" width=\"1024\" height=\"683\" src=\"https:\/\/hof-thiessen.de\/wp-content\/uploads\/2026\/02\/Neue-Produkte-Kd-Info-1024x683.jpg\" alt=\"\" class=\"wp-image-608\" srcset=\"https:\/\/hof-thiessen.de\/wp-content\/uploads\/2026\/02\/Neue-Produkte-Kd-Info-1024x683.jpg 1024w, https:\/\/hof-thiessen.de\/wp-content\/uploads\/2026\/02\/Neue-Produkte-Kd-Info-300x200.jpg 300w, https:\/\/hof-thiessen.de\/wp-content\/uploads\/2026\/02\/Neue-Produkte-Kd-Info-768x512.jpg 768w, https:\/\/hof-thiessen.de\/wp-content\/uploads\/2026\/02\/Neue-Produkte-Kd-Info-1536x1024.jpg 1536w, https:\/\/hof-thiessen.de\/wp-content\/uploads\/2026\/02\/Neue-Produkte-Kd-Info-2048x1365.jpg 2048w\" sizes=\"(max-width: 767px) 89vw, (max-width: 1000px) 54vw, (max-width: 1071px) 543px, 580px\" \/><\/figure>\n<\/div><\/div>\n<\/div><\/div>\n\n\n\n<h2><strong>Aktuell im Regiomat<\/strong><\/h2>\n\n\n\n<div class=\"wp-block-image\"><figure class=\"alignright size-large\"><a href=\"http:\/\/hof-thiessen.de\/wp-content\/uploads\/2022\/02\/Vier-Autmoaten-Ansicht2022-scaled.jpg\" target=\"_blank\" rel=\"noopener\"><img loading=\"lazy\" width=\"1024\" height=\"497\" src=\"http:\/\/hof-thiessen.de\/wp-content\/uploads\/2022\/02\/Vier-Autmoaten-Ansicht2022-1024x497.jpg\" alt=\"\" class=\"wp-image-401\" srcset=\"https:\/\/hof-thiessen.de\/wp-content\/uploads\/2022\/02\/Vier-Autmoaten-Ansicht2022-1024x497.jpg 1024w, https:\/\/hof-thiessen.de\/wp-content\/uploads\/2022\/02\/Vier-Autmoaten-Ansicht2022-300x146.jpg 300w, https:\/\/hof-thiessen.de\/wp-content\/uploads\/2022\/02\/Vier-Autmoaten-Ansicht2022-768x373.jpg 768w, https:\/\/hof-thiessen.de\/wp-content\/uploads\/2022\/02\/Vier-Autmoaten-Ansicht2022-1536x745.jpg 1536w, https:\/\/hof-thiessen.de\/wp-content\/uploads\/2022\/02\/Vier-Autmoaten-Ansicht2022-2048x994.jpg 2048w\" sizes=\"(max-width: 767px) 89vw, (max-width: 1000px) 54vw, (max-width: 1071px) 543px, 580px\" \/><\/a><figcaption>Die Automaten sind 24 Stunden erreichbar.<\/figcaption><\/figure><\/div>\n\n\n\n<p><strong>Milchglasflaschen<\/strong> in 1L &amp; 0,5L<br>Bio <strong>Schorle<\/strong> aus dem Alten Land &amp; Fritz Limo <br>Verschiedene <strong>Bonsche<\/strong> vom Gutschmecker aus Silberstedt                                          <\/p>\n\n\n\n<p> <strong>Honig<\/strong> aus Moorrege und Tornesch                                                                                                                     10 <strong>Eier<\/strong> aus Waldenau vom Hof Ramcke  <\/p>\n\n\n\n<p>Festkochende<strong> Karoffel<\/strong> Linda vom Gem\u00fcsehof Hauschildt aus Heidgraben                                                                                                                                                        <strong>Wurstwaren<\/strong> vom<strong> <\/strong>Schlachter Schmidt aus Kummerfeld:<br>Landj\u00e4ger, Nussknacker<br>W\u00fcrfelspeck vom Katenschinken<br>Feine Leberwurst <br>                                    <\/p>\n\n\n\n<figure class=\"wp-block-image size-large is-resized\"><img loading=\"lazy\" src=\"http:\/\/hof-thiessen.de\/wp-content\/uploads\/2021\/09\/20210823_184418-576x1024.jpg\" alt=\"\" class=\"wp-image-355\" width=\"113\" height=\"200\" srcset=\"https:\/\/hof-thiessen.de\/wp-content\/uploads\/2021\/09\/20210823_184418-576x1024.jpg 576w, https:\/\/hof-thiessen.de\/wp-content\/uploads\/2021\/09\/20210823_184418-169x300.jpg 169w, https:\/\/hof-thiessen.de\/wp-content\/uploads\/2021\/09\/20210823_184418-768x1365.jpg 768w, https:\/\/hof-thiessen.de\/wp-content\/uploads\/2021\/09\/20210823_184418-864x1536.jpg 864w, https:\/\/hof-thiessen.de\/wp-content\/uploads\/2021\/09\/20210823_184418-1152x2048.jpg 1152w, https:\/\/hof-thiessen.de\/wp-content\/uploads\/2021\/09\/20210823_184418-scaled.jpg 1440w\" sizes=\"(max-width: 113px) 100vw, 113px\" \/><figcaption>6 Meisterlinge zu fertig backenvon<strong> B\u00e4cker Schl\u00fcter <\/strong>aus Halstenbek!<\/figcaption><\/figure>\n\n\n\n<div class=\"wp-block-columns are-vertically-aligned-top\">\n<div class=\"wp-block-column is-vertically-aligned-top\" style=\"flex-basis:50%\">\n<p><strong>Aus eigener Herstellung:<\/strong>                  Verschiedene Gelees, wie z.B.:<br>Brombeer Gelee<br>Aperol-Orangen Gelee                              Quittengelee in verschiedenen Varianten.<br><\/p>\n\n\n\n<p><\/p>\n<\/div>\n\n\n\n<div class=\"wp-block-column is-vertically-aligned-top\" style=\"flex-basis:50%\">\n<p><strong>Butter<\/strong> von der Meierei Horst. <\/p>\n\n\n\n<p>Verschiedene<strong> Senf<\/strong> Variationen von Lucullus.<\/p>\n\n\n\n<p><strong>Kartoffelchips<\/strong> aus Niedersachen von Bauer Jo.<\/p>\n<\/div>\n<\/div>\n\n\n\n<h2><strong>Was ist ein Regiomat?<\/strong><\/h2>\n\n\n\n<div class=\"wp-block-image\"><figure class=\"alignleft size-large is-resized\"><a href=\"http:\/\/hof-thiessen.de\/wp-content\/uploads\/2021\/01\/hofautomat2-scaled.jpg\" target=\"_blank\" rel=\"noopener\"><img loading=\"lazy\" src=\"http:\/\/hof-thiessen.de\/wp-content\/uploads\/2021\/01\/hofautomat2-1024x576.jpg\" alt=\"\" class=\"wp-image-181\" width=\"321\" height=\"181\" srcset=\"https:\/\/hof-thiessen.de\/wp-content\/uploads\/2021\/01\/hofautomat2-1024x576.jpg 1024w, https:\/\/hof-thiessen.de\/wp-content\/uploads\/2021\/01\/hofautomat2-300x169.jpg 300w, https:\/\/hof-thiessen.de\/wp-content\/uploads\/2021\/01\/hofautomat2-768x432.jpg 768w, https:\/\/hof-thiessen.de\/wp-content\/uploads\/2021\/01\/hofautomat2-1536x864.jpg 1536w, https:\/\/hof-thiessen.de\/wp-content\/uploads\/2021\/01\/hofautomat2-2048x1152.jpg 2048w\" sizes=\"(max-width: 321px) 100vw, 321px\" \/><\/a><figcaption>Gelee aus eigener Herstellung.<\/figcaption><\/figure><\/div>\n\n\n\n<p>Den Automat mit S\u00fc\u00dfigkeiten am Bahnhof kennen Sie bestimmt. Unser Regiomat ist sehr \u00e4hnlich, nur hat er einen Fahrstuhl f\u00fcr die Produkte, sie fallen also nicht runter sondern werden sanft in das Ausgabefach bef\u00f6rdert.<\/p>\n\n\n\n<p>Unser Regiomat ist auf ca. 5\u00b0C gek\u00fchlt. Sie k\u00f6nnen sich zu jeder Tages- oder Nachtzeit bedienen.<\/p>\n\n\n\n<p><strong>Ein Mini Hofladen, der immer f\u00fcr Sie da ist!<\/strong><\/p>\n\n\n\n<h2><strong>Wo unsere Produkte herkommen<\/strong><\/h2>\n\n\n\n<div class=\"wp-block-image\"><figure class=\"alignright size-large is-resized\"><a href=\"http:\/\/hof-thiessen.de\/wp-content\/uploads\/2021\/01\/hofautomat1-scaled.jpg\" target=\"_blank\" rel=\"noopener\"><img loading=\"lazy\" src=\"http:\/\/hof-thiessen.de\/wp-content\/uploads\/2021\/01\/hofautomat1-768x1024.jpg\" alt=\"\" class=\"wp-image-180\" width=\"217\" height=\"289\" srcset=\"https:\/\/hof-thiessen.de\/wp-content\/uploads\/2021\/01\/hofautomat1-768x1024.jpg 768w, https:\/\/hof-thiessen.de\/wp-content\/uploads\/2021\/01\/hofautomat1-225x300.jpg 225w, https:\/\/hof-thiessen.de\/wp-content\/uploads\/2021\/01\/hofautomat1-1152x1536.jpg 1152w, https:\/\/hof-thiessen.de\/wp-content\/uploads\/2021\/01\/hofautomat1-1536x2048.jpg 1536w, https:\/\/hof-thiessen.de\/wp-content\/uploads\/2021\/01\/hofautomat1-scaled.jpg 1920w\" sizes=\"(max-width: 217px) 100vw, 217px\" \/><\/a><figcaption>Kartoffeln aus Heidgraben.<\/figcaption><\/figure><\/div>\n\n\n\n<p>Wir best\u00fccken unseren Hofautomaten gerne mit Regioanlen Prudukten aus der Umgebung. Es gibt so viele H\u00f6fe die tolle Lebensmittel herstellen.                                           Diese m\u00f6chten wir gern unterst\u00fctzen!   <\/p>\n\n\n\n<h2><strong>Was ist ein Milchautomat?<\/strong><\/h2>\n\n\n\n<div class=\"wp-block-image\"><figure class=\"alignleft size-large is-resized\"><a href=\"https:\/\/hof-thiessen.de\/wp-content\/uploads\/2021\/01\/hofautomat4.jpg\" target=\"_blank\" rel=\"noopener\"><img loading=\"lazy\" src=\"http:\/\/hof-thiessen.de\/wp-content\/uploads\/2021\/01\/hofautomat4-789x1024.jpg\" alt=\"\" class=\"wp-image-213\" width=\"258\" height=\"335\" srcset=\"https:\/\/hof-thiessen.de\/wp-content\/uploads\/2021\/01\/hofautomat4-789x1024.jpg 789w, https:\/\/hof-thiessen.de\/wp-content\/uploads\/2021\/01\/hofautomat4-231x300.jpg 231w, https:\/\/hof-thiessen.de\/wp-content\/uploads\/2021\/01\/hofautomat4-768x997.jpg 768w, https:\/\/hof-thiessen.de\/wp-content\/uploads\/2021\/01\/hofautomat4-1183x1536.jpg 1183w, https:\/\/hof-thiessen.de\/wp-content\/uploads\/2021\/01\/hofautomat4-1577x2048.jpg 1577w, https:\/\/hof-thiessen.de\/wp-content\/uploads\/2021\/01\/hofautomat4.jpg 1902w\" sizes=\"(max-width: 258px) 100vw, 258px\" \/><\/a><figcaption>Lust auf eine hei\u00dfe Milch mit Honig?<\/figcaption><\/figure><\/div>\n\n\n\n<p>An dem Milchautomaten k\u00f6nnen Sie 24 Stunden am Tag die frisch gemolkene Milch von unseren schwarzbunten K\u00fchen bekommen.                                           1L frische Rohmilch f\u00fcr 1,20\u20ac.<br>Die Milch wird auf ca. 4\u00b0C gek\u00fchlt und alle 20 Minuten ger\u00fchrt.<br>Die Milch ist roh, also nicht erhitzt und auch nicht homogenisiert. Daher nutzen viele sie zum Joghurt oder K\u00e4se machen. <\/p>\n\n\n\n<p>Bringen Sie sich Flaschen mit oder besorgen sich welche aus unserem Regiomaten. F\u00fcr Gro\u00dfabnehmer: in das Milchausgabefach passt auch der 5L Kanister in dem man destiliertes Wasser bekommt.<\/p>\n\n\n\n<p> <\/p>\n","protected":false},"excerpt":{"rendered":"<p>Aktuell im Regiomat Milchglasflaschen in 1L &amp; 0,5LBio Schorle aus dem Alten Land &amp; Fritz Limo Verschiedene Bonsche vom Gutschmecker aus Silberstedt Honig aus Moorrege und Tornesch 10 Eier aus Waldenau vom Hof Ramcke Festkochende Karoffel Linda vom Gem\u00fcsehof Hauschildt aus Heidgraben Wurstwaren vom Schlachter Schmidt aus Kummerfeld:Landj\u00e4ger, NussknackerW\u00fcrfelspeck vom KatenschinkenFeine Leberwurst Aus eigener Herstellung: &hellip; <\/p>\n<p class=\"link-more\"><a href=\"https:\/\/hof-thiessen.de\/index.php\/hofautomat-24-7\/\" class=\"more-link\"><span class=\"screen-reader-text\">\u201eHofautomaten 24\/7\u201c<\/span> weiterlesen<\/a><\/p>\n","protected":false},"author":1,"featured_media":0,"parent":0,"menu_order":0,"comment_status":"closed","ping_status":"closed","template":"","meta":[],"_links":{"self":[{"href":"https:\/\/hof-thiessen.de\/index.php\/wp-json\/wp\/v2\/pages\/110"}],"collection":[{"href":"https:\/\/hof-thiessen.de\/index.php\/wp-json\/wp\/v2\/pages"}],"about":[{"href":"https:\/\/hof-thiessen.de\/index.php\/wp-json\/wp\/v2\/types\/page"}],"author":[{"embeddable":true,"href":"https:\/\/hof-thiessen.de\/index.php\/wp-json\/wp\/v2\/users\/1"}],"replies":[{"embeddable":true,"href":"https:\/\/hof-thiessen.de\/index.php\/wp-json\/wp\/v2\/comments?post=110"}],"version-history":[{"count":49,"href":"https:\/\/hof-thiessen.de\/index.php\/wp-json\/wp\/v2\/pages\/110\/revisions"}],"predecessor-version":[{"id":613,"href":"https:\/\/hof-thiessen.de\/index.php\/wp-json\/wp\/v2\/pages\/110\/revisions\/613"}],"wp:attachment":[{"href":"https:\/\/hof-thiessen.de\/index.php\/wp-json\/wp\/v2\/media?parent=110"}],"curies":[{"name":"wp","href":"https:\/\/api.w.org\/{rel}","templated":true}]}}